en 2057 is divided by 14?
13
What is the remainder when 838 is divided by 28?
26
What is the remainder when 409 is divided by 16?
9
Calculate the remainder when 2559 is divided by 21.
18
What is the remainder when 173 is divided by 48?
29
What is the remainder when 169 is divided by 64?
41
Calculate the remainder when 244 is divided by 85.
74
What is the remainder when 468 is divided by 194?
80
Calculate the remainder when 994 is divided by 27.
22
What is the remainder when 1598 is divided by 160?
158
Calculate the remainder when 456 is divided by 4.
0
Calculate the remainder when 95 is divided by 14.
11
Calculate the remainder when 1236 is divided by 308.
4
What is the remainder when 1849 is divided by 262?
15
Calculate the remainder when 9500 is divided by 31.
14
What is the remainder when 1869 is divided by 144?
141
Calculate the remainder when 1000 is divided by 195.
25
Calculate the remainder when 865 is divided by 85.
15
Calculate the remainder when 86 is divided by 51.
35
Calculate the remainder when 1243 is divided by 16.
11
Calculate the remainder when 1906 is divided by 137.
125
Calculate the remainder when 3787 is divided by 319.
278
What is the remainder when 1457 is divided by 28?
1
Calculate the remainder when 753 is divided by 84.
81
Calculate the remainder when 2115 is divided by 2114.
1
Calculate the remainder when 124 is divided by 52.
20
What is the remainder when 2806 is divided by 12?
10
What is the remainder when 978 is divided by 70?
68
Calculate the remainder when 1584 is divided by 50.
34
What is the remainder when 306 is divided by 21?
12
What is the remainder when 346 is divided by 26?
8
Calculate the remainder when 55 is divided by 14.
13
Calculate the remainder when 183 is divided by 99.
84
Calculate the remainder when 409 is divided by 135.
4
Calculate the remainder when 16988 is divided by 144.
140
Calculate the remainder when 6475 is divided by 51.
49
What is the remainder when 1742 is divided by 361?
298
Calculate the remainder when 1033 is divided by 509.
15
Calculate the remainder when 70 is divided by 9.
7
What is the remainder when 9 is divided by 9?
0
What is the remainder when 105 is divided by 50?
5
Calculate the remainder when 47 is divided by 4.
3
What is the remainder when 11312 is divided by 92?
88
Calculate the remainder when 198 is divided by 29.
24
Calculate the remainder when 502 is divided by 132.
106
Calculate the remainder when 530 is divided by 18.
8
Calculate the remainder when 152 is divided by 40.
32
Calculate the remainder when 23476 is divided by 86.
84
What is the remainder when 200 is divided by 99?
2
Calculate the remainder when 141 is divided by 29.
25
What is the remainder when 8936 is divided by 16?
8
Calculate the remainder when 670 is divided by 28.
26
Calculate the remainder when 230 is divided by 11.
10
What is the remainder when 683 is divided by 14?
11
Calculate the remainder when 150 is divided by 23.
12
What is the remainder when 650 is divided by 172?
134
What is the remainder when 707 is divided by 107?
65
Calculate the remainder when 46 is divided by 7.
4
What is the remainder when 174 is divided by 11?
9
Calculate the remainder when 2678 is divided by 10.
8
What is the remainder when 30964 is divided by 13?
11
What is the remainder when 47 is divided by 42?
5
What is the remainder when 227 is divided by 57?
56
What is the remainder when 228 is divided by 49?
32
What is the remainder when 117 is divided by 30?
27
What is the remainder when 573 is divided by 8?
5
Calculate the remainder when 5965 is divided by 157.
156
What is the remainder when 2816 is divided by 94?
90
What is the remainder when 6812 is divided by 213?
209
What is the remainder when 363 is divided by 344?
19
Calculate the remainder when 96 is divided by 80.
16
Calculate the remainder when 554 is divided by 34.
10
What is the remainder when 159 is divided by 81?
78
Calculate the remainder when 929 is divided by 17.
11
What is the remainder when 11501 is divided by 27?
26
Calculate the remainder when 37 is divided by 6.
1
What is the remainder when 269 is divided by 30?
29
Calculate the remainder when 92 is divided by 25.
17
Calculate the remainder when 328 is divided by 58.
38
What is the remainder when 2810 is divided by 2808?
2
What is the remainder when 133 is divided by 55?
23
Calculate the remainder when 348 is divided by 13.
10
What is the remainder when 63 is divided by 32?
31
What is the remainder when 177 is divided by 23?
16
What is the remainder when 131 is divided by 81?
50
Calculate the remainder when 365 is divided by 22.
13
What is the remainder when 98 is divided by 42?
14
Calculate the remainder when 326 is divided by 320.
6
Calculate the remainder when 76 is divided by 30.
16
Calculate the remainder when 62 is divided by 20.
2
Calculate the remainder when 2896 is divided by 7.
5
What is the remainder when 1343 is divided by 446?
5
What is the remainder when 117 is divided by 37?
6
Calculate the remainder when 342 is divided by 69.
66
What is the remainder when 8594 is divided by 1073?
10
What is the remainder when 778 is divided by 124?
34
What is the remainder when 3285 is divided by 106?
105
Calculate the remainder when 1833 is divided by 68.
65
Calculate the remainder when 271 is divided by 11.
7
What is the remainder when 12700 is divided by 32?
28
What is the remainder when 268 is divided by 13?
8
Calculate the remainder when 107 is divided by 31.
14
Calculate the remainder when 1239 is divided by 363.
150
Calculate the remainder when 199 is divided by 53.
40
Calculate the remainder when 29 is divided by 25.
4
Calculate the remainder when 2163 is divided by 144.
3
What is the remainder when 467 is divided by 12?
11
Calculate the remainder when 305 is divided by 88.
41
Calculate the remainder when 655 is divided by 60.
55
What is the remainder when 175 is divided by 10?
5
Calculate the remainder when 125 is divided by 6.
5
What is the remainder when 197 is divided by 66?
65
Calculate the remainder when 3025 is divided by 178.
177
Calculate the remainder when 653 is divided by 219.
215
Calculate the remainder when 37 is divided by 21.
16
Calculate the remainder when 13 is divided by 8.
5
What is the remainder when 288 is divided by 87?
27
What is the remainder when 108 is divided by 15?
3
What is the remainder when 325 is divided by 84?
73
Calculate the remainder when 13241 is divided by 28.
25
Calculate the remainder when 131 is divided by 15.
11
What is the remainder when 23 is divided by 9?
5
What is the remainder when 6088 is divided by 203?
201
Calculate the remainder when 121 is divided by 20.
1
Calculate the remainder when 13628 is divided by 47.
45
What is the remainder when 174 is divided by 67?
40
Calculate the remainder when 88 is divided by 30.
28
Calculate the remainder when 108 is divided by 14.
10
What is the remainder when 2157 is divided by 45?
42
What is the remainder when 551 is divided by 24?
23
What is the remainder when 1425 is divided by 7?
4
What is the remainder when 45 is divided by 14?
3
Calculate the remainder when 963 is divided by 82.
61
Calculate the remainder when 3182 is divided by 398.
396
What is the remainder when 98 is divided by 11?
10
What is the remainder when 2522 is divided by 627?
14
Calculate the remainder when 66 is divided by 25.
16
Calculate the remainder when 798 is divided by 298.
202
Calculate the remainder when 215 is divided by 44.
39
What is the remainder when 498 is divided by 98?
8
Calculate the remainder when 1780 is divided by 15.
10
Calculate the remainder when 339 is divided by 20.
19
What is the remainder when 344 is divided by 126?
92
What is the remainder when 14558 is divided by 52?
50
Calculate the remainder when 595 is divided by 198.
1
What is the remainder when 403 is divided by 15?
13
What is the remainder when 50 is divided by 19?
12
Calculate the remainder when 95 is divided by 8.
7
What is the remainder when 911 is divided by 57?
56
Calculate the remainder when 2243 is divided by 68.
67
What is the remainder when 507 is divided by 15?
12
Calculate the remainder when 908 is divided by 70.
68
Calculate the remainder when 187 is divided by 32.
27
Calculate the remainder when 2197 is divided by 40.
37
What is the